et n be -1 - 1*(-1 + -3). Suppose 4*t = n*v - 34, -4*v + 54 - 10 = -4*t. Let l = v + -9. Let g(a) = -a**2 - a. Calculate g(l).
-2
Let u = 30 - 27. Suppose u*n + 4*n - 35 = 0. Let x(m) = m**3 - 4*m**2 - 4*m + 1. What is x(n)?
6
Let x(i) be the third derivative of 1/10*i**5 - 1/120*i**6 - 5/6*i**3 + 0 + 0*i + 1/24*i**4 - 4*i**2. Calculate x(6).
1
Let o(s) = -16*s**2 - s**3 + 3 - 4*s**3 - 6*s - 7*s + 6*s**3 + 24*s**2. Calculate o(-9).
39
Let c(n) = -2*n**2 + 12*n + 19. Let v = -1488 + 1495. Calculate c(v).
5
Let s(j) = 209*j - 104*j - 104*j + 1. Let g be s(-2). Let q(r) = r**2 + 2*r. Determine q(g).
-1
Let v(l) = l**2 + 157*l**3 - 5*l + 3*l - 117*l**3 + 4*l. Calculate v(-1).
-41
Let y(c) = c - 3. Let i be (-2)/(-2 - -4)*7. Suppose 77 = 14*s - 3*s. Let a = i + s. Calculate y(a).
-3
Let v(w) = -3*w + 4 - w - w + 4*w. Let x = -114 - -108. What is v(x)?
10
Let b(d) be the second derivative of d**3 - 19*d**2/2 + 43*d + 3. Determine b(6).
17
Let w(f) be the second derivative of -2*f**3/3 + 7*f**2/2 - f. Suppose 24*z = 3100 - 2956. Determine w(z).
-17
Suppose 174*t - 246 - 450 = 0. Let y(g) = -g**2 - g - 5. Let r(w) = 2*w**2 + w + 10. Let b(v) = 3*r(v) + 5*y(v). Give b(t).
13
Suppose 3*y = -v - 38, 3*v + 0*v + 114 = 5*y. Let d = -38 - v. Let z(u) = u**3 - u**2 - u + 17. Determine z(d).
17
Let d(q) = q**3 - 3*q**2 + 3*q. Let a be d(2). Suppose 18 = 11*p - a*p. Let y(x) = 11*x - 2. What is y(p)?
20
Let w(g) = g**2 - 24*g - 13. Let n(k) = k**2 - 35*k - 19. Let b(i) = -5*n(i) + 7*w(i). Let s be 156/(-42) - 4/14. Let y = s - 0. What is b(y)?
8
Let l = -336 + 338. Let j(b) = -3 + 3*b - 3*b + 3*b + 2*b. What is j(l)?
7
Let o be 12/(-5) - 54/(-135). Let f(x) = -5*x - 6. Let z(q) = 17*q + 18. Let i(v) = o*z(v) - 7*f(v). What is i(-8)?
-2
Let s be -2 + (3 - (-6)/(-1)). Let t(q) be the second derivative of -q**3/2 - 3*q**2 + 14*q. Calculate t(s).
9
Let c(d) be the third derivative of d**4/24 - d**3/6 - 2*d**2. Suppose -4*i - x + 3*x - 98 = 0, x = 4*i + 97. Let j = -29 - i. What is c(j)?
-6
Suppose -4*x + 4*g = -16, 0*g - g = x. Let m be -3 + 6 + (7 - 2 - x). Let i(h) = -h**3 + 6*h**2 + h - 8. Determine i(m).
-2
Let i(m) be the second derivative of m**5/20 - m**4/4 - m**3/2 - 3*m**2 + m - 248. Calculate i(4).
-2
Let q(b) = -b**2 - 39. Let r be q(0). Let y = r + 33. Let d(n) = n**3 + 6*n**2 + 2*n - 3. Calculate d(y).
-15
Let f = -7 + 6. Let d = f + -8. Let y = d - -4. Let u(p) = p. Determine u(y).
-5
Let p(b) = 2*b + 3. Let c(d) = -3*d**2 - 44*d - 25. Let j(v) = -v**2 - 15*v - 8. Let u(t) = 3*c(t) - 8*j(t). Let k be u(-10). Let n = k + -12. What is p(n)?
-3
Let t(u) = u - 971 + 2*u**2 + 485 + u + 487 + 6*u**3. Let c = 1 - -3. Suppose 0*g - 6 = -3*g, -4*a - 4*g + c = 0. Give t(a).
-5
Let s(y) = -2*y**2 + y + 5. Suppose 115*l - 117*l + 6 = 0. Determine s(l).
-10
Let j(i) = i**2 - i + 1. Let c(x) = -x + 32. Let h be c(32). Determine j(h).
1
Let m(u) be the third derivative of u**6/120 + u**5/6 + u**4/8 - 13*u**3/6 + u**2 - 57. Calculate m(-9).
41
Let i(d) = 5*d**2 - 24*d + 49. Let u(j) = -22*j**2 + 95*j - 194. Let k(x) = 9*i(x) + 2*u(x). Determine k(24).
5
Let z(k) = -k**2 + k. Suppose v = 2*d + 3, 0*d + d - 2*v = -3. Let n(y) = 8*y**2 - 7*y + 1. Let g(p) = d*n(p) - 6*z(p). Determine g(2).
-7
Let p(k) be the first derivative of -k**4 - 4*k**3/3 - k**2 - k - 331. Calculate p(-1).
1
Let x(v) = -v**3 - 6*v + 20 + 10*v**2 - 3*v**2 - 18. Let s(z) be the first derivative of z**2/2 + 3*z + 4. Let b be s(3). Give x(b).
2
Suppose -4*q = -7*d + 4*d - 33, 2*q = -5*d + 49. Let g(x) = -x**3 + 13*x**2 - 11*x - 15. What is g(q)?
-3
Let y be -1 - -3*3/3. Let o be (-1)/y + (-34)/(-4). Suppose 0 = -2*q + o + 2, 2*q = -4*j + 22. Let w(z) = -z**3 + 3*z**2 + 2*z + 2. Determine w(j).
8
Suppose -4*n + 7*n = -2*r, 4*n - 2*r = 0. Suppose 5*w + 7 - 37 = n. Let j(h) = h**3 - 6*h**2 - 2*h + 8. Give j(w).
-4
Let i(x) = x**2 + 7*x + 4. Let t be (-2)/(-1*(1 + 0)). Suppose 0*h + t*h - 5*r = 28, 0 = 2*h + 5*r + 12. Let s be 1 + h/(-2) + -5. Calculate i(s).
-2
Let s(m) = -m**2 + 9*m - 12. Let u(r) = r**2 + 10*r - 89. Let d be u(-16). Give s(d).
2
Let s(p) = 3*p + 2. Let f be s(-2). Let k(n) = -14*n**3 + 21*n**2 - 25*n - 20. Let t(o) = -3*o**3 + 5*o**2 - 6*o - 5. Let j(c) = 2*k(c) - 9*t(c). Give j(f).
5
Let i(l) = l + 2. Let y be 5 - (19/9 + 2/(-18)). Give i(y).
5
Let t = -2 + 4. Suppose 0 = -5*x + 2*p + 2*p + 35, -2*x = t*p + 4. Suppose -x + 1 = d. Let l(z) = -2*z**3 - z**2 + z - 2. Give l(d).
8
Let j(v) = -115*v + 102*v - 15 + 59 + 7. Determine j(4).
-1
Let l(v) be the second derivative of -v**4/8 - v**3/6 + 5*v**2/2 + 10*v. Let c(s) be the first derivative of l(s). What is c(-3)?
8
Let r(f) = 3*f**2 + 4*f + 2. Let n = -6 - -4. Let w be r(n). Let v(g) be the first derivative of -3*g**2/2 + 9*g + 28076. What is v(w)?
-9
Let q(b) be the first derivative of 0*b**2 - 1/3*b**3 + 0*b + 3 + 1/4*b**4. Suppose 0 = 3*p + u - 9, 5*p = 3*u - 0*u + 1. Give q(p).
4
Let u(t) = -t + 6. Let b(x) = -x**3 + 9*x**2 + 45*x - 338. Let q be b(10). Determine u(q).
-6
Let r(d) = -15*d**2 + 4*d + 5. Let s(j) = -11*j**2 + 4*j + 4. Let t(w) = 3*r(w) - 4*s(w). Give t(3).
-22
Let u(f) = f + 13. Let n be u(-7). Suppose -10*v + 4 = -n*v. Let h(t) = -1 + v + 3 - 5*t. Give h(2).
-7
Suppose -5*c - 3*l - 50 = 0, 0 = -2*l - 0*l. Let i(z) = 8 + z - 14 + 3 + 8 - 1. Calculate i(c).
-6
Let s = 13 + -75. Let k = s + 64. Let q(w) be the first derivative of -w**3/3 + w**2/2 - 2*w + 1. Give q(k).
-4
Let v(g) = -20*g**3 + 3*g**2 + 19*g - 6. Let k(x) = 11*x**3 - 2*x**2 - 10*x + 3. Let m(w) = 11*k(w) + 6*v(w). Let s be (-1)/(-5) + 27/15. What is m(s)?
-3
Let b(l) = -l**3 + l**2 - l - 9. Let v = -166 - -166. Give b(v).
-9
Suppose 2*o = -0*o + 2. Let z(c) = -o + 11 + 4*c - 6*c - 3. Let g(i) = -i**2 + 5*i + 6. Let w be g(5). What is z(w)?
-5
Let q(h) = -152 - 5*h + 50 + 49 + 51. What is q(-2)?
8
Suppose -2*n - 129 = -117. Let z(v) = -v**3 - 8*v**2 - 10*v - 6. Calculate z(n).
-18
Let z(q) = -q + 16. Let d be (-50)/(-18) + 24/108. Suppose -k + 0 = -d, 2*k + 1 = s. What is z(s)?
9
Suppose 0 = 4*s - 1 - 7. Let y(n) = 9 - 5*n + n**s - n**2 - n**2. Let o = -31 + 24. Give y(o).
-5
Let g(v) = -v + 8. Let a(i) = 10*i + 34 + 16*i**2 + 0*i**2 - 4*i**2 - 11*i**2. Let x be a(-6). Give g(x).
-2
Let g(z) = -25*z + 49. Let s(a) = -18*a + 33. Let q(d) = -5*g(d) + 7*s(d). Let v = -10 + 4. Calculate q(v).
-8
Let g = -461 - -459. Let w(z) = z**3 + 2*z**2 - z - 1. What is w(g)?
1
Let i be 6/(-18) + 16/3. Let f be 18/15 - 1/i. Let m(b) = f + 0*b - 10*b + 7*b - b**3 - 4 - 4*b**2. Determine m(-3).
-3
Let f(z) = -8*z + 1. Let y(x) = 10*x - 1. Let q(k) = -6*f(k) - 5*y(k). Give q(6).
-13
Let b(n) = n**2 - n + 2. Let t be b(1). Suppose -2*a - 32 = t. Let g = 12 + a. Let w(s) = 2*s + 5. What is w(g)?
-5
Suppose 251*w - 250*w = -1. Let h(f) = -10*f - 2. What is h(w)?
8
Suppose 3*b = -4*j + 46 - 154, 0 = 5*b - j + 157. Let g = b + 39. Let z(r) = -r**3 + 6*r**2 + 7*r - 10. What is z(g)?
-10
Let b(f) = -6*f + 6. Let u = -239 + 233. What is b(u)?
42
Let f = -20 + 30. Suppose 0 = 19*r - 14*r - f. Let t(z) = -z**r - 2 + 33*z + 1 - 31*z. What is t(3)?
-4
Let p = 26 - 24. Suppose 0*g + 3*g + 27 = p*u, 4*g + 26 = u. Let r(t) = t**2 - 6*t + 4. Determine r(u).
4
Let u(g) = -21*g**2 + 6 - 4*g - 3 + 0*g**2 - 9*g**2. Let h(v) = 10*v**2 + v - 1. Let l(j) = 7*h(j) + 2*u(j). What is l(-1)?
10
Let s(h) = h - 2. Let b be s(7). Suppose -6*x = -x + 5*i - 10, -b*x = -i - 22. Let u(y) = 4*y - 5. Give u(x).
11
Let p(c) = c**2 + c - 2. Let g = 1599 - 1601. Give p(g).
0
Suppose 3*a + 3*q - 146 = 4*q, 4*a = 2*q + 194. Let r(z) = 24 + 28 - a + z. Calculate r(-5).
-2
Let f(g) = -2*g + 16. Let n(v) = -4*v + 31. Let t(x) = -7*f(x) + 4*n(x). Calculate t(7).
-2
Let d(m) be the third derivative of -m**6/120 + 7*m**5/60 - m**4/12 + 7*m**3/6 - 3*m**2. Give d(7).
-7
Let x be (-24)/(-15)*(-25)/(-10). Let b(n) = n**3 - 3*n**2 + n + 2. Let c be b(3). Suppose -t + 2*t = -c*p - 8, x*p = -4*t. Let z(u) = u**2 - u. What is z(p)?
6
Let j(z) = 4*z**3 - 8*z**2 + 2*z - 2. Let i(p) = -2*p**3 + 2*p**2 - p. Let t(w) = -3*i(w) - j(w). What is t(-2)?
-8
Let h(q) = -2*q - 2. Let d(t) = 2*t**3 - t**2 + 2*t + 2. Let c be (-5 + 4)/(1/(-2)). Let a be d(c). Let o = a + -21. Determine h(o).
4
Suppose 0 = -0*g + 3*g. Let a be -1 + -1 -